{"id":151,"date":"2012-10-21T14:32:19","date_gmt":"2012-10-21T13:32:19","guid":{"rendered":"http:\/\/apri.fmc-sc.org\/?page_id=151"},"modified":"2012-11-07T19:36:44","modified_gmt":"2012-11-07T18:36:44","slug":"statuts","status":"publish","type":"page","link":"https:\/\/apri.fmc-sc.org\/?page_id=151","title":{"rendered":"Statuts"},"content":{"rendered":"<p align=\"center\"><span style=\"color: #0000ff;\"><strong>STATUTS DE L\u2019ASSOCIATION<\/strong><\/span><\/p>\n<p align=\"center\"><span style=\"color: #0000ff;\"><strong>POUR LA PROMOTION RURALE INTERNATIONALE<\/strong><\/span><\/p>\n<p>&nbsp;<\/p>\n<p align=\"center\"><strong>TITRE I\u00a0: CONSTITUTION-OBJET-SIEGE SOCIAL-DUREE<\/strong><\/p>\n<p><strong><span style=\"text-decoration: underline;\">Article 1<\/span>\u00a0: Constitution et d\u00e9nomination<\/strong><\/p>\n<p>L\u2019Association pour la Promotion Rurale Internationale, d\u00e9nomm\u00e9e APRI est cr\u00e9\u00e9e.<\/p>\n<p>Elle est r\u00e9gie par la loi du 1<sup>er<\/sup> juillet 1901 et le d\u00e9cret d\u2019application du 16 ao\u00fbt 1901.<\/p>\n<p><strong><span style=\"text-decoration: underline;\">Article 2<\/span>\u00a0: Objet<\/strong><\/p>\n<p>L\u2019Association a pour objet\u00a0:<\/p>\n<ul>\n<li style=\"text-align: justify;\">De partager les questions et les pr\u00e9occupations en mati\u00e8re de d\u00e9veloppement rural et de solidarit\u00e9 internationale\u00a0;<\/li>\n<li style=\"text-align: justify;\">De contribuer au d\u00e9veloppement durable et global des campagnes, en collaboration \u00e9troite avec les populations locales, \u00e0 leur demande et dans le respect de leurs savoirs, leurs cultures et leurs religions\u00a0;<\/li>\n<li style=\"text-align: justify;\">D\u2019initier et d\u2019accompagner des projets dans diff\u00e9rents domaines (agriculture, \u00e9levage, \u00e9conomie, artisanat, microcr\u00e9dits, formation, sant\u00e9, etc\u2026)\u00a0;<\/li>\n<li style=\"text-align: justify;\">De promouvoir et soutenir toutes initiatives susceptibles de contribuer \u00e0 la cr\u00e9ation d\u2019emplois et de revenus et d\u2019accro\u00eetre les capacit\u00e9s \u00e9conomiques des b\u00e9n\u00e9ficiaires.<\/li>\n<\/ul>\n<p><strong><span style=\"text-decoration: underline;\">Article 3<\/span>\u00a0: Si\u00e8ge social<\/strong><\/p>\n<p>Le Si\u00e8ge social est fix\u00e9 au\u00a0: \u00a0\u00a0\u00a0\u00a0\u00a0\u00a0\u00a0\u00a0\u00a0\u00a0\u00a0\u00a0\u00a0\u00a0\u00a0\u00a0\u00a0\u00a0\u00a0\u00a0\u00a0\u00a0\u00a0 149 rue Jodelle<\/p>\n<p align=\"center\">77610 LA HOUSSAYE EN BRIE<\/p>\n<p style=\"text-align: justify;\">Il peut \u00eatre transf\u00e9r\u00e9 sur simple d\u00e9cision du conseil d\u2019administration, avec ratification \u00e0 la prochaine Assembl\u00e9e G\u00e9n\u00e9rale.<\/p>\n<p><strong><span style=\"text-decoration: underline;\">Article 4<\/span>\u00a0: Dur\u00e9e<\/strong><\/p>\n<p>La dur\u00e9e de l\u2019association est illimit\u00e9e.<\/p>\n<p><strong>\u00a0<\/strong><\/p>\n<p align=\"center\"><strong>TITRE II\u00a0: COMPOSITION<\/strong><\/p>\n<p><strong><span style=\"text-decoration: underline;\">Article 5<\/span>\u00a0: composition<\/strong><\/p>\n<p style=\"text-align: justify;\">L\u2019association est en lien avec les activit\u00e9s des Fr\u00e8res Missionnaires et des Soeurs des Campagnes (FMC et SC). Elle se compose\u00a0:<\/p>\n<p style=\"text-align: justify;\">&#8211;\u00a0\u00a0\u00a0\u00a0\u00a0\u00a0\u00a0\u00a0\u00a0 De membres adh\u00e9rents. Ils s\u2019acquittent d\u2019une cotisation annuelle. Ils participent r\u00e9guli\u00e8rement aux activit\u00e9s. Ils ont droit de vote aux Assembl\u00e9es G\u00e9n\u00e9rales.<\/p>\n<p style=\"text-align: justify;\">&#8211;\u00a0\u00a0\u00a0\u00a0\u00a0\u00a0\u00a0\u00a0\u00a0 De membres sympathisants. Ce sont des personnes physiques ou morales qui manifestent leur int\u00e9r\u00eat \u00e0 l\u2019association par un soutien financier ou en participant \u00e0 une activit\u00e9. Ils peuvent participer avec voix consultative aux Assembl\u00e9es G\u00e9n\u00e9rales.<\/p>\n<p style=\"text-align: justify;\">&#8211;\u00a0\u00a0\u00a0\u00a0\u00a0\u00a0\u00a0\u00a0\u00a0 De membres de droit\u00a0: les Prieurs G\u00e9n\u00e9raux des Fr\u00e8res Missionnaires et des S\u0153urs des Campagnes ou leur repr\u00e9sentant et d\u2019un Fr\u00e8re et d\u2019une Soeur d\u00e9sign\u00e9s par chaque Conseil G\u00e9n\u00e9ral des FMC et des SC.<\/p>\n<p><strong><span style=\"text-decoration: underline;\">Article 6<\/span>\u00a0: Cotisation<\/strong><\/p>\n<p>La cotisation due par les membres est fix\u00e9e annuellement par l\u2019Assembl\u00e9e G\u00e9n\u00e9rale.<\/p>\n<p><strong><span style=\"text-decoration: underline;\">Article 7<\/span>\u00a0: Condition d\u2019adh\u00e9sion<\/strong><\/p>\n<p style=\"text-align: justify;\">L\u2019admission des membres adh\u00e9rents est prononc\u00e9e par le Conseil d\u2019Administration lequel, en cas de refus, n\u2019a pas \u00e0 faire conna\u00eetre le motif de sa d\u00e9cision. Toute demande d\u2019adh\u00e9sion devra \u00eatre formul\u00e9e par \u00e9crit par le demandeur.<\/p>\n<p style=\"text-align: justify;\">Chaque membre prend l\u2019engagement de respecter les pr\u00e9sents statuts qu\u2019il peut consulter au si\u00e8ge de l\u2019association.<\/p>\n<p><strong><span style=\"text-decoration: underline;\">Article 8<\/span>\u00a0: Perte de la qualit\u00e9 de membre<\/strong><\/p>\n<p>La qualit\u00e9 se perd\u00a0:<\/p>\n<ul>\n<li>Par d\u00e9c\u00e8s<\/li>\n<li>Par la d\u00e9mission adress\u00e9e par \u00e9crit au Pr\u00e9sident de l\u2019association<\/li>\n<li style=\"text-align: justify;\">Par exclusion prononc\u00e9e par le Conseil d\u2019Administration pour infraction aux pr\u00e9sents statuts, au r\u00e8glement int\u00e9rieur ou pour un motif grave portant pr\u00e9judice moral ou mat\u00e9riel \u00e0 l\u2019association. Avant la prise de la d\u00e9cision \u00e9ventuelle d\u2019exclusion ou de radiation, le membre concern\u00e9 est invit\u00e9, au pr\u00e9alable, \u00e0 fournir des explications \u00e9crites au Conseil d\u2019Administration.<\/li>\n<\/ul>\n<p>&nbsp;<\/p>\n<p align=\"center\"><strong>TITRE III\u00a0: ADMINISTRATION et FONCTIONNEMENT<\/strong><\/p>\n<p><strong><span style=\"text-decoration: underline;\">Article 9<\/span>\u00a0: Conseil d\u2019Administration<\/strong><\/p>\n<p style=\"text-align: justify;\">L\u2019association est administr\u00e9e par un Conseil d\u2019Administration comprenant de 6 \u00e0 10 membres. Parmi ces membres sont compris les membres de droit. Les autres membres sont \u00e9lus pour trois ans par l\u2019Assembl\u00e9e G\u00e9n\u00e9rale et choisis en son sein.<\/p>\n<p>Les membres sortants sont r\u00e9\u00e9ligibles.<\/p>\n<p style=\"text-align: justify;\">En cas de vacance (d\u00e9c\u00e8s, d\u00e9mission, exclusion, etc.) le Conseil d\u2019Administration pourvoit provisoirement au remplacement de ses membres. Il est proc\u00e9d\u00e9 \u00e0 leur remplacement d\u00e9finitif par la prochaine Assembl\u00e9e G\u00e9n\u00e9rale Ordinaire. Les pouvoirs des membres ainsi \u00e9lus prennent fin \u00e0 l\u2019\u00e9poque ou devrait normalement expirer le mandat des membres remplac\u00e9s.<\/p>\n<p>Le Conseil d\u2019Administration d\u00e9signe le bureau\u00a0: le pr\u00e9sident, le secr\u00e9taire et le tr\u00e9sorier.<\/p>\n<p><strong><span style=\"text-decoration: underline;\">Article 10<\/span>\u00a0: \u00c9lection du Conseil d\u2019Administration<\/strong><\/p>\n<p style=\"text-align: justify;\">L\u2019Assembl\u00e9e G\u00e9n\u00e9rale appel\u00e9e \u00e0 \u00e9lire le Conseil d\u2019Administration est compos\u00e9e des membres adh\u00e9rents \u00e0 l\u2019association et des membres de droit.<\/p>\n<p>Les votes se font au scrutin secret.<\/p>\n<p><strong><span style=\"text-decoration: underline;\">Article 11<\/span>\u00a0: R\u00e9union<\/strong><\/p>\n<p style=\"text-align: justify;\">Le Conseil d\u2019Administration se r\u00e9unit chaque fois qu\u2019il est convoqu\u00e9 par courrier postal ou courriel par son pr\u00e9sident ou sur la demande de la moiti\u00e9 au moins de ses membres, chaque fois que l\u2019int\u00e9r\u00eat de l\u2019association l\u2019exige.<\/p>\n<p style=\"text-align: justify;\">La pr\u00e9sence de la moiti\u00e9 au moins de ses membres est n\u00e9cessaire pour que le Conseil d\u2019Administration puisse d\u00e9lib\u00e9rer valablement.<\/p>\n<p style=\"text-align: justify;\">Les d\u00e9cisions sont prises \u00e0 la majorit\u00e9 des membres pr\u00e9sents ou repr\u00e9sent\u00e9s. En cas d\u2019\u00e9galit\u00e9, la voix du Pr\u00e9sident est pr\u00e9pond\u00e9rante. Seules les questions figurant \u00e0 l\u2019ordre du jour peuvent faire l\u2019objet d\u2019un vote.<\/p>\n<p style=\"text-align: justify;\">Toutes les d\u00e9cisions du Conseil d\u2019Administration\u00a0 sont consign\u00e9es dans un registre et sign\u00e9es du Pr\u00e9sident et du Secr\u00e9taire.<\/p>\n<p><strong><span style=\"text-decoration: underline;\">Article 12\u00a0<\/span>: R\u00e9mun\u00e9ration<\/strong><\/p>\n<p style=\"text-align: justify;\">Les fonctions des membres du Conseil d\u2019Administration sont gratuites. Toutefois, et sur d\u00e9cision du Conseil d\u2019Administration, les frais occasionn\u00e9s par l\u2019accomplissement de leur mandat leur sont rembours\u00e9s au vu des pi\u00e8ces justificatives.<\/p>\n<p><strong><span style=\"text-decoration: underline;\">Article 13<\/span>\u00a0: Pouvoirs<\/strong><\/p>\n<p style=\"text-align: justify;\">Le Conseil d\u2019Administration est investi des pouvoirs les plus \u00e9tendus dans la limite des buts de l\u2019association et dans le cadre des r\u00e9solutions adopt\u00e9es par les Assembl\u00e9es G\u00e9n\u00e9rales.<\/p>\n<p style=\"text-align: justify;\">Il peut autoriser les actes et op\u00e9rations permis \u00e0 l\u2019association et qui ne sont pas r\u00e9serv\u00e9s \u00e0 l\u2019Assembl\u00e9e G\u00e9n\u00e9rale Ordinaire ou Extraordinaire.<\/p>\n<p>Il se prononce sur les admissions, exclusions ou radiations des membres.<\/p>\n<p style=\"text-align: justify;\">Il fait ouvrir les comptes en banque, sollicite les subventions, requiert les inscriptions et transcriptions utiles.<\/p>\n<p style=\"text-align: justify;\">Il autorise le Pr\u00e9sident et le Tr\u00e9sorier \u00e0 faire les actes et les achats reconnus n\u00e9cessaires \u00e0 la poursuite du projet de l\u2019Association.<\/p>\n<p>Il peut d\u00e9l\u00e9guer tout ou partie de ses attributions \u00e0 certains membres de l\u2019Association.<\/p>\n<p><strong><span style=\"text-decoration: underline;\">Article 14<\/span>\u00a0: Dispositions communes pour la tenue des Assembl\u00e9es G\u00e9n\u00e9rales<\/strong><\/p>\n<p style=\"text-align: justify;\">Les Assembl\u00e9es G\u00e9n\u00e9rales se composent de tous les membres de droit et adh\u00e9rents de l\u2019association.<\/p>\n<p style=\"text-align: justify;\">Les Assembl\u00e9es G\u00e9n\u00e9rales se r\u00e9unissent sur convocation du Pr\u00e9sident de l\u2019association ou sur demande des membres repr\u00e9sentant au moins le quart des membres.<\/p>\n<p style=\"text-align: justify;\">La convocation se fait au moins 15 jours avant l\u2019Assembl\u00e9e G\u00e9n\u00e9rale. Elle mentionne obligatoirement l\u2019ordre du jour pr\u00e9vu et fix\u00e9 par les soins du Conseil d\u2019Administration. Elle est faite par lettres individuelles ou par courriers \u00e9lectroniques.<\/p>\n<p style=\"text-align: justify;\">Seules seront valables les r\u00e9solutions prises par l\u2019Assembl\u00e9e G\u00e9n\u00e9rale sur les points inscrits \u00e0 son ordre du jour.<\/p>\n<p style=\"text-align: justify;\">La pr\u00e9sidence de l\u2019Assembl\u00e9e G\u00e9n\u00e9rale appartient au pr\u00e9sident ou, en son absence, \u00e0 un membre du Conseil d\u2019Administration. Le bureau de l\u2019Assembl\u00e9e est celui du Conseil d\u2019Administration.<\/p>\n<p style=\"text-align: justify;\">Les d\u00e9cisions sont consign\u00e9es par les proc\u00e8s-verbaux inscrits sur un registre et sign\u00e9s par le Pr\u00e9sident et le Secr\u00e9taire.<\/p>\n<p>Il est tenu une feuille de pr\u00e9sence qui est sign\u00e9e par chaque membre pr\u00e9sent.<\/p>\n<p>Un membre de l\u2019association peut donner \u00e0 un autre membre sa d\u00e9l\u00e9gation et son pouvoir.<\/p>\n<p><strong><span style=\"text-decoration: underline;\">Article 15<\/span>\u00a0: Assembl\u00e9e G\u00e9n\u00e9rale Ordinaire<\/strong><\/p>\n<p style=\"text-align: justify;\">Au moins une fois par an, les adh\u00e9rents sont convoqu\u00e9s en Assembl\u00e9e G\u00e9n\u00e9rale ordinaire dans les conditions pr\u00e9vues \u00e0 l\u2019article 14. Elle d\u00e9lib\u00e8re valablement si au moins la moiti\u00e9 de ses membres sont pr\u00e9sents ou repr\u00e9sent\u00e9s. Si cette proportion n\u2019est pas atteinte, l\u2019Assembl\u00e9e G\u00e9n\u00e9rale est convoqu\u00e9e \u00e0 nouveau, mais \u00e0 quinze jours d\u2019intervalles. Elle peut alors d\u00e9lib\u00e9rer quelque soit le nombre des membres pr\u00e9sents.<\/p>\n<p style=\"text-align: justify;\">L\u2019assembl\u00e9e entend les rapports sur la gestion du Conseil d\u2019Administration notamment sur la situation morale et financi\u00e8re de l\u2019association.<\/p>\n<p style=\"text-align: justify;\">L\u2019assembl\u00e9e, apr\u00e8s avoir d\u00e9lib\u00e9r\u00e9 et statu\u00e9 sur les diff\u00e9rents rapports, approuve les comptes de l\u2019exercice clos, vote le budget de l\u2019exercice suivant et d\u00e9lib\u00e8re sur toutes les autres questions figurant \u00e0 l\u2019ordre du jour.<\/p>\n<p style=\"text-align: justify;\">Elle pourvoit \u00e0 la nomination ou au renouvellement des membres du Conseil d\u2019Administration dans les conditions pr\u00e9vues aux articles 9 et 10 des pr\u00e9sents statuts.<\/p>\n<p>Elle fixe le montant de la cotisation annuelle \u00e0 verser par les membres de l\u2019association.<\/p>\n<p style=\"text-align: justify;\">Les d\u00e9cisions de l\u2019Assembl\u00e9e G\u00e9n\u00e9rale Ordinaire sont prises \u00e0 main lev\u00e9e. Toutefois \u00e0 la demande du quart au moins des membres pr\u00e9sents, les votes doivent \u00eatre \u00e9mis au scrutin secret. Cependant pour l\u2019\u00e9lection des membres du Conseil d\u2019Administration, le vote secret est obligatoire de par l\u2019article 10 des statuts.<\/p>\n<p><strong><span style=\"text-decoration: underline;\">Article 16<\/span>\u00a0: Assembl\u00e9e G\u00e9n\u00e9rale Extraordinaire<\/strong><\/p>\n<p style=\"text-align: justify;\">Elle est convoqu\u00e9e dans les conditions pr\u00e9vues pour l\u2019Assembl\u00e9e G\u00e9n\u00e9rale Ordinaire \u00e0 l\u2019article 14 des pr\u00e9sents statuts.<\/p>\n<p style=\"text-align: justify;\">Pour la validit\u00e9 des d\u00e9cisions, l\u2019Assembl\u00e9e G\u00e9n\u00e9rale Extraordinaire doit comprendre au moins les trois quart de ses membres pr\u00e9sents ou repr\u00e9sent\u00e9s.<\/p>\n<p style=\"text-align: justify;\">Si cette proportion n\u2019est pas atteinte, l\u2019Assembl\u00e9e G\u00e9n\u00e9rale Extraordinaire est convoqu\u00e9e \u00e0 nouveau, mais \u00e0 quinze jours d\u2019intervalles. Elle peut alors d\u00e9lib\u00e9rer quelque soit le nombre des membres pr\u00e9sents.<\/p>\n<p style=\"text-align: justify;\">L\u2019Assembl\u00e9e G\u00e9n\u00e9rale Extraordinaire statue sur les questions qui sont de sa seule comp\u00e9tence, \u00e0 savoir les modifications \u00e0 apporter aux pr\u00e9sents statuts, dissolution anticip\u00e9e, etc\u2026<\/p>\n<p style=\"text-align: justify;\">Les\u00a0 d\u00e9cisions sont prises obligatoirement \u00e0 la majorit\u00e9 des deux tiers des membres pr\u00e9sents ou repr\u00e9sent\u00e9s.<\/p>\n<p style=\"text-align: justify;\">Les votes ont lieu \u00e0 main lev\u00e9e sauf si le quart au moins des membres exige le vote secret.<\/p>\n<p>&nbsp;<\/p>\n<p align=\"center\"><strong>TITRE IV\u00a0: RESSOURCES de L\u2019ASSOCIATION \u2013 COMPTABILITE<\/strong><\/p>\n<p><strong><span style=\"text-decoration: underline;\">Article 17<\/span>\u00a0: Ressources de l\u2019association<\/strong><\/p>\n<p>Les ressources de l\u2019association se composent\u00a0:<\/p>\n<ul>\n<li>Du produit des cotisations vers\u00e9es par les membres\u00a0;<\/li>\n<li>Du produit des activit\u00e9s de l\u2019association\u00a0;<\/li>\n<li style=\"text-align: justify;\">Des subventions \u00e9ventuelles des \u00c9tats, de la Communaut\u00e9 Europ\u00e9enne, des R\u00e9gions, des D\u00e9partements, des Communes, des \u00e9tablissements publics\u00a0;<\/li>\n<li>Des dons, des ressources ou subventions qui ne sont pas contraires aux lois en vigueur\u2026<\/li>\n<\/ul>\n<p><strong><span style=\"text-decoration: underline;\">Article 18<\/span>\u00a0: Comptabilit\u00e9<\/strong><\/p>\n<p style=\"text-align: justify;\">Une comptabilit\u00e9 en recettes et en d\u00e9penses est tenue au jour le jour pour l\u2019enregistrement de toutes les op\u00e9rations financi\u00e8res.<\/p>\n<p><strong><span style=\"text-decoration: underline;\">Article 19<\/span>\u00a0: Approbation des comptes<\/strong><\/p>\n<p style=\"text-align: justify;\">Les comptes tenus par le tr\u00e9sorier sont pr\u00e9sent\u00e9s annuellement \u00e0 l\u2019Assembl\u00e9e G\u00e9n\u00e9rale Ordinaire, appel\u00e9e \u00e0 statuer sur les comptes.<\/p>\n<p>&nbsp;<\/p>\n<p align=\"center\"><strong>TITRE V\u00a0: DISSOLUTION de L\u2019ASSOCIATION<\/strong><\/p>\n<p style=\"text-align: justify;\"><strong><span style=\"text-decoration: underline;\">Article 20<\/span>\u00a0: La dissolution <\/strong>est prononc\u00e9e \u00e0 la demande du Conseil d\u2019Administration, par une Assembl\u00e9e G\u00e9n\u00e9rale Extraordinaire, convoqu\u00e9e sp\u00e9cialement \u00e0 cet effet, conform\u00e9ment aux articles 14 et 16 des pr\u00e9sents statuts.<\/p>\n<p><strong><span style=\"text-decoration: underline;\">Article 21<\/span>\u00a0: D\u00e9volution des biens<\/strong><\/p>\n<p style=\"text-align: justify;\">En cas de dissolution, l\u2019Assembl\u00e9e G\u00e9n\u00e9rale Extraordinaire d\u00e9signe un ou plusieurs liquidateurs qui seront charg\u00e9s de la liquidation des biens de l\u2019association et dont elle d\u00e9termine les pouvoirs.<\/p>\n<p style=\"text-align: justify;\">L\u2019actif net subsistant sera attribu\u00e9 obligatoirement \u00e0 une ou plusieurs autres associations poursuivant des buts similaires et qui seront nomm\u00e9ment d\u00e9sign\u00e9s par l\u2019Assembl\u00e9e G\u00e9n\u00e9rale Extraordinaire.<\/p>\n<p>&nbsp;<\/p>\n<p align=\"center\"><strong>TITRE VI\u00a0: REGLEMENT INTERIEUR \u2013 FORMALITES ADMINISTRATIVES<\/strong><\/p>\n<p><strong><span style=\"text-decoration: underline;\">Article 22<\/span>\u00a0: R\u00e8glement int\u00e9rieur<\/strong><\/p>\n<p style=\"text-align: justify;\">Un r\u00e8glement int\u00e9rieur pourra \u00eatre \u00e9tabli par le Conseil d\u2019Administration, qui le fera approuver par l\u2019Assembl\u00e9e G\u00e9n\u00e9rale.<\/p>\n<p style=\"text-align: justify;\">Ce r\u00e8glement serait destin\u00e9 \u00e0 fixer les divers points non pr\u00e9vus dans les statuts.<\/p>\n<p><strong><span style=\"text-decoration: underline;\">Article 23<\/span>\u00a0: Formalit\u00e9s administratives<\/strong><\/p>\n<p style=\"text-align: justify;\">Le Pr\u00e9sident du Conseil d\u2019Administration doit accomplir toutes les formalit\u00e9s de d\u00e9claration et de publication pr\u00e9vues par la loi du 1<sup>er<\/sup> juillet 1901 et par le d\u00e9cret du 16 ao\u00fbt 1901 tant au moment de la cr\u00e9ation de l\u2019association qu\u2019au cours de son existence ult\u00e9rieure.<\/p>\n<p>&nbsp;<\/p>\n<p>Fait \u00e0 La Houssaye en Brie<br \/>\nLe 03 mars 2012<br \/>\nThierry MANGEART, Pierre CAREIL, Sylvie MERIAUX<\/p>\n<p>Pr\u00e9sident, \u00a0Secr\u00e9taire, Tr\u00e9sorier<\/p>\n<p>&nbsp;<\/p>\n","protected":false},"excerpt":{"rendered":"<p>STATUTS DE L\u2019ASSOCIATION POUR LA PROMOTION RURALE INTERNATIONALE &nbsp; TITRE I\u00a0: CONSTITUTION-OBJET-SIEGE SOCIAL-DUREE Article 1\u00a0: Constitution et d\u00e9nomination L\u2019Association pour la Promotion Rurale Internationale, d\u00e9nomm\u00e9e APRI est cr\u00e9\u00e9e. Elle est r\u00e9gie par la loi du 1er juillet 1901 et le d\u00e9cret d\u2019application du 16 ao\u00fbt 1901. Article 2\u00a0: Objet L\u2019Association [&hellip;]<\/p>\n","protected":false},"author":2,"featured_media":0,"parent":2,"menu_order":0,"comment_status":"open","ping_status":"open","template":"","meta":{"jetpack_post_was_ever_published":false},"yoast_head":"<!-- This site is optimized with the Yoast SEO plugin v21.8.1 - https:\/\/yoast.com\/wordpress\/plugins\/seo\/ -->\n<title>Statuts - Association pour la Promotion Rurale Internationale<\/title>\n<meta name=\"robots\" content=\"index, follow, max-snippet:-1, max-image-preview:large, max-video-preview:-1\" \/>\n<link rel=\"canonical\" href=\"https:\/\/apri.fmc-sc.org\/?page_id=151\" \/>\n<meta property=\"og:locale\" content=\"fr_FR\" \/>\n<meta property=\"og:type\" content=\"article\" \/>\n<meta property=\"og:title\" content=\"Statuts - Association pour la Promotion Rurale Internationale\" \/>\n<meta property=\"og:description\" content=\"STATUTS DE L\u2019ASSOCIATION POUR LA PROMOTION RURALE INTERNATIONALE &nbsp; TITRE I\u00a0: CONSTITUTION-OBJET-SIEGE SOCIAL-DUREE Article 1\u00a0: Constitution et d\u00e9nomination L\u2019Association pour la Promotion Rurale Internationale, d\u00e9nomm\u00e9e APRI est cr\u00e9\u00e9e. Elle est r\u00e9gie par la loi du 1er juillet 1901 et le d\u00e9cret d\u2019application du 16 ao\u00fbt 1901. Article 2\u00a0: Objet L\u2019Association [&hellip;]\" \/>\n<meta property=\"og:url\" content=\"https:\/\/apri.fmc-sc.org\/?page_id=151\" \/>\n<meta property=\"og:site_name\" content=\"Association pour la Promotion Rurale Internationale\" \/>\n<meta property=\"article:modified_time\" content=\"2012-11-07T18:36:44+00:00\" \/>\n<meta name=\"twitter:label1\" content=\"Dur\u00e9e de lecture estim\u00e9e\" \/>\n\t<meta name=\"twitter:data1\" content=\"10 minutes\" \/>\n<script type=\"application\/ld+json\" class=\"yoast-schema-graph\">{\"@context\":\"https:\/\/schema.org\",\"@graph\":[{\"@type\":\"WebPage\",\"@id\":\"https:\/\/apri.fmc-sc.org\/?page_id=151\",\"url\":\"https:\/\/apri.fmc-sc.org\/?page_id=151\",\"name\":\"Statuts - Association pour la Promotion Rurale Internationale\",\"isPartOf\":{\"@id\":\"https:\/\/apri.fmc-sc.org\/#website\"},\"datePublished\":\"2012-10-21T13:32:19+00:00\",\"dateModified\":\"2012-11-07T18:36:44+00:00\",\"breadcrumb\":{\"@id\":\"https:\/\/apri.fmc-sc.org\/?page_id=151#breadcrumb\"},\"inLanguage\":\"fr-FR\",\"potentialAction\":[{\"@type\":\"ReadAction\",\"target\":[\"https:\/\/apri.fmc-sc.org\/?page_id=151\"]}]},{\"@type\":\"BreadcrumbList\",\"@id\":\"https:\/\/apri.fmc-sc.org\/?page_id=151#breadcrumb\",\"itemListElement\":[{\"@type\":\"ListItem\",\"position\":1,\"name\":\"Qui sommes nous ?\",\"item\":\"https:\/\/apri.fmc-sc.org\/?page_id=2\"},{\"@type\":\"ListItem\",\"position\":2,\"name\":\"Statuts\"}]},{\"@type\":\"WebSite\",\"@id\":\"https:\/\/apri.fmc-sc.org\/#website\",\"url\":\"https:\/\/apri.fmc-sc.org\/\",\"name\":\"Association pour la Promotion Rurale Internationale\",\"description\":\"\",\"potentialAction\":[{\"@type\":\"SearchAction\",\"target\":{\"@type\":\"EntryPoint\",\"urlTemplate\":\"https:\/\/apri.fmc-sc.org\/?s={search_term_string}\"},\"query-input\":\"required name=search_term_string\"}],\"inLanguage\":\"fr-FR\"}]}<\/script>\n<!-- \/ Yoast SEO plugin. -->","yoast_head_json":{"title":"Statuts - Association pour la Promotion Rurale Internationale","robots":{"index":"index","follow":"follow","max-snippet":"max-snippet:-1","max-image-preview":"max-image-preview:large","max-video-preview":"max-video-preview:-1"},"canonical":"https:\/\/apri.fmc-sc.org\/?page_id=151","og_locale":"fr_FR","og_type":"article","og_title":"Statuts - Association pour la Promotion Rurale Internationale","og_description":"STATUTS DE L\u2019ASSOCIATION POUR LA PROMOTION RURALE INTERNATIONALE &nbsp; TITRE I\u00a0: CONSTITUTION-OBJET-SIEGE SOCIAL-DUREE Article 1\u00a0: Constitution et d\u00e9nomination L\u2019Association pour la Promotion Rurale Internationale, d\u00e9nomm\u00e9e APRI est cr\u00e9\u00e9e. Elle est r\u00e9gie par la loi du 1er juillet 1901 et le d\u00e9cret d\u2019application du 16 ao\u00fbt 1901. Article 2\u00a0: Objet L\u2019Association [&hellip;]","og_url":"https:\/\/apri.fmc-sc.org\/?page_id=151","og_site_name":"Association pour la Promotion Rurale Internationale","article_modified_time":"2012-11-07T18:36:44+00:00","twitter_misc":{"Dur\u00e9e de lecture estim\u00e9e":"10 minutes"},"schema":{"@context":"https:\/\/schema.org","@graph":[{"@type":"WebPage","@id":"https:\/\/apri.fmc-sc.org\/?page_id=151","url":"https:\/\/apri.fmc-sc.org\/?page_id=151","name":"Statuts - Association pour la Promotion Rurale Internationale","isPartOf":{"@id":"https:\/\/apri.fmc-sc.org\/#website"},"datePublished":"2012-10-21T13:32:19+00:00","dateModified":"2012-11-07T18:36:44+00:00","breadcrumb":{"@id":"https:\/\/apri.fmc-sc.org\/?page_id=151#breadcrumb"},"inLanguage":"fr-FR","potentialAction":[{"@type":"ReadAction","target":["https:\/\/apri.fmc-sc.org\/?page_id=151"]}]},{"@type":"BreadcrumbList","@id":"https:\/\/apri.fmc-sc.org\/?page_id=151#breadcrumb","itemListElement":[{"@type":"ListItem","position":1,"name":"Qui sommes nous ?","item":"https:\/\/apri.fmc-sc.org\/?page_id=2"},{"@type":"ListItem","position":2,"name":"Statuts"}]},{"@type":"WebSite","@id":"https:\/\/apri.fmc-sc.org\/#website","url":"https:\/\/apri.fmc-sc.org\/","name":"Association pour la Promotion Rurale Internationale","description":"","potentialAction":[{"@type":"SearchAction","target":{"@type":"EntryPoint","urlTemplate":"https:\/\/apri.fmc-sc.org\/?s={search_term_string}"},"query-input":"required name=search_term_string"}],"inLanguage":"fr-FR"}]}},"jetpack_sharing_enabled":true,"jetpack_shortlink":"https:\/\/wp.me\/P2Kxff-2r","jetpack_likes_enabled":true,"_links":{"self":[{"href":"https:\/\/apri.fmc-sc.org\/index.php?rest_route=\/wp\/v2\/pages\/151"}],"collection":[{"href":"https:\/\/apri.fmc-sc.org\/index.php?rest_route=\/wp\/v2\/pages"}],"about":[{"href":"https:\/\/apri.fmc-sc.org\/index.php?rest_route=\/wp\/v2\/types\/page"}],"author":[{"embeddable":true,"href":"https:\/\/apri.fmc-sc.org\/index.php?rest_route=\/wp\/v2\/users\/2"}],"replies":[{"embeddable":true,"href":"https:\/\/apri.fmc-sc.org\/index.php?rest_route=%2Fwp%2Fv2%2Fcomments&post=151"}],"version-history":[{"count":4,"href":"https:\/\/apri.fmc-sc.org\/index.php?rest_route=\/wp\/v2\/pages\/151\/revisions"}],"predecessor-version":[{"id":175,"href":"https:\/\/apri.fmc-sc.org\/index.php?rest_route=\/wp\/v2\/pages\/151\/revisions\/175"}],"up":[{"embeddable":true,"href":"https:\/\/apri.fmc-sc.org\/index.php?rest_route=\/wp\/v2\/pages\/2"}],"wp:attachment":[{"href":"https:\/\/apri.fmc-sc.org\/index.php?rest_route=%2Fwp%2Fv2%2Fmedia&parent=151"}],"curies":[{"name":"wp","href":"https:\/\/api.w.org\/{rel}","templated":true}]}}