{"id":7,"date":"2012-09-19T17:09:05","date_gmt":"2012-09-19T16:09:05","guid":{"rendered":"http:\/\/apri.fmc-sc.org\/?page_id=7"},"modified":"2025-11-11T22:33:07","modified_gmt":"2025-11-11T21:33:07","slug":"les-projets","status":"publish","type":"page","link":"https:\/\/apri.fmc-sc.org\/?page_id=7","title":{"rendered":"Les projets"},"content":{"rendered":"\n<p>Les\u00a0<strong>Fr\u00e8res missionnaires<\/strong>\u00a0et les\u00a0<strong>S\u0153urs des campagnes<\/strong>\u00a0vivent au sein de\u00a0<strong>petites communaut\u00e9s rurales<\/strong>\u00a0r\u00e9parties au\u00a0<strong>B\u00e9nin<\/strong>, au\u00a0<strong>Burkina Faso<\/strong>\u00a0et au\u00a0<strong>Togo<\/strong>.<br>L\u2019<strong>APRI<\/strong>\u00a0apporte son soutien aux\u00a0<strong>projets port\u00e9s par ces communaut\u00e9s<\/strong>, en collaboration \u00e9troite avec les populations locales. Ces initiatives couvrent divers domaines tels que\u00a0<strong>l\u2019agriculture, l\u2019\u00e9levage, l\u2019artisanat, l\u2019\u00e9conomie locale, le microcr\u00e9dit, la formation<\/strong>\u00a0et\u00a0<strong>la sant\u00e9<\/strong>.<\/p>\n","protected":false},"excerpt":{"rendered":"<p>Les\u00a0Fr\u00e8res missionnaires\u00a0et les\u00a0S\u0153urs des campagnes\u00a0vivent au sein de\u00a0petites communaut\u00e9s rurales\u00a0r\u00e9parties au\u00a0B\u00e9nin, au\u00a0Burkina Faso\u00a0et au\u00a0Togo.L\u2019APRI\u00a0apporte son soutien aux\u00a0projets port\u00e9s par ces communaut\u00e9s, en collaboration \u00e9troite avec les populations locales. Ces initiatives couvrent divers domaines tels que\u00a0l\u2019agriculture, l\u2019\u00e9levage, l\u2019artisanat, l\u2019\u00e9conomie locale, le microcr\u00e9dit, la formation\u00a0et\u00a0la sant\u00e9.<\/p>\n","protected":false},"author":3,"featured_media":0,"parent":0,"menu_order":0,"comment_status":"open","ping_status":"closed","template":"","meta":{"jetpack_post_was_ever_published":false},"yoast_head":"<!-- This site is optimized with the Yoast SEO plugin v21.8.1 - https:\/\/yoast.com\/wordpress\/plugins\/seo\/ -->\n<title>Les projets - Association pour la Promotion Rurale Internationale<\/title>\n<meta name=\"robots\" content=\"index, follow, max-snippet:-1, max-image-preview:large, max-video-preview:-1\" \/>\n<link rel=\"canonical\" href=\"https:\/\/apri.fmc-sc.org\/?page_id=7\" \/>\n<meta property=\"og:locale\" content=\"fr_FR\" \/>\n<meta property=\"og:type\" content=\"article\" \/>\n<meta property=\"og:title\" content=\"Les projets - Association pour la Promotion Rurale Internationale\" \/>\n<meta property=\"og:description\" content=\"Les\u00a0Fr\u00e8res missionnaires\u00a0et les\u00a0S\u0153urs des campagnes\u00a0vivent au sein de\u00a0petites communaut\u00e9s rurales\u00a0r\u00e9parties au\u00a0B\u00e9nin, au\u00a0Burkina Faso\u00a0et au\u00a0Togo.L\u2019APRI\u00a0apporte son soutien aux\u00a0projets port\u00e9s par ces communaut\u00e9s, en collaboration \u00e9troite avec les populations locales. Ces initiatives couvrent divers domaines tels que\u00a0l\u2019agriculture, l\u2019\u00e9levage, l\u2019artisanat, l\u2019\u00e9conomie locale, le microcr\u00e9dit, la formation\u00a0et\u00a0la sant\u00e9.\" \/>\n<meta property=\"og:url\" content=\"https:\/\/apri.fmc-sc.org\/?page_id=7\" \/>\n<meta property=\"og:site_name\" content=\"Association pour la Promotion Rurale Internationale\" \/>\n<meta property=\"article:modified_time\" content=\"2025-11-11T21:33:07+00:00\" \/>\n<meta name=\"twitter:label1\" content=\"Dur\u00e9e de lecture estim\u00e9e\" \/>\n\t<meta name=\"twitter:data1\" content=\"1 minute\" \/>\n<script type=\"application\/ld+json\" class=\"yoast-schema-graph\">{\"@context\":\"https:\/\/schema.org\",\"@graph\":[{\"@type\":\"WebPage\",\"@id\":\"https:\/\/apri.fmc-sc.org\/?page_id=7\",\"url\":\"https:\/\/apri.fmc-sc.org\/?page_id=7\",\"name\":\"Les projets - Association pour la Promotion Rurale Internationale\",\"isPartOf\":{\"@id\":\"https:\/\/apri.fmc-sc.org\/#website\"},\"datePublished\":\"2012-09-19T16:09:05+00:00\",\"dateModified\":\"2025-11-11T21:33:07+00:00\",\"inLanguage\":\"fr-FR\",\"potentialAction\":[{\"@type\":\"ReadAction\",\"target\":[\"https:\/\/apri.fmc-sc.org\/?page_id=7\"]}]},{\"@type\":\"WebSite\",\"@id\":\"https:\/\/apri.fmc-sc.org\/#website\",\"url\":\"https:\/\/apri.fmc-sc.org\/\",\"name\":\"Association pour la Promotion Rurale Internationale\",\"description\":\"\",\"potentialAction\":[{\"@type\":\"SearchAction\",\"target\":{\"@type\":\"EntryPoint\",\"urlTemplate\":\"https:\/\/apri.fmc-sc.org\/?s={search_term_string}\"},\"query-input\":\"required name=search_term_string\"}],\"inLanguage\":\"fr-FR\"}]}<\/script>\n<!-- \/ Yoast SEO plugin. -->","yoast_head_json":{"title":"Les projets - Association pour la Promotion Rurale Internationale","robots":{"index":"index","follow":"follow","max-snippet":"max-snippet:-1","max-image-preview":"max-image-preview:large","max-video-preview":"max-video-preview:-1"},"canonical":"https:\/\/apri.fmc-sc.org\/?page_id=7","og_locale":"fr_FR","og_type":"article","og_title":"Les projets - Association pour la Promotion Rurale Internationale","og_description":"Les\u00a0Fr\u00e8res missionnaires\u00a0et les\u00a0S\u0153urs des campagnes\u00a0vivent au sein de\u00a0petites communaut\u00e9s rurales\u00a0r\u00e9parties au\u00a0B\u00e9nin, au\u00a0Burkina Faso\u00a0et au\u00a0Togo.L\u2019APRI\u00a0apporte son soutien aux\u00a0projets port\u00e9s par ces communaut\u00e9s, en collaboration \u00e9troite avec les populations locales. Ces initiatives couvrent divers domaines tels que\u00a0l\u2019agriculture, l\u2019\u00e9levage, l\u2019artisanat, l\u2019\u00e9conomie locale, le microcr\u00e9dit, la formation\u00a0et\u00a0la sant\u00e9.","og_url":"https:\/\/apri.fmc-sc.org\/?page_id=7","og_site_name":"Association pour la Promotion Rurale Internationale","article_modified_time":"2025-11-11T21:33:07+00:00","twitter_misc":{"Dur\u00e9e de lecture estim\u00e9e":"1 minute"},"schema":{"@context":"https:\/\/schema.org","@graph":[{"@type":"WebPage","@id":"https:\/\/apri.fmc-sc.org\/?page_id=7","url":"https:\/\/apri.fmc-sc.org\/?page_id=7","name":"Les projets - Association pour la Promotion Rurale Internationale","isPartOf":{"@id":"https:\/\/apri.fmc-sc.org\/#website"},"datePublished":"2012-09-19T16:09:05+00:00","dateModified":"2025-11-11T21:33:07+00:00","inLanguage":"fr-FR","potentialAction":[{"@type":"ReadAction","target":["https:\/\/apri.fmc-sc.org\/?page_id=7"]}]},{"@type":"WebSite","@id":"https:\/\/apri.fmc-sc.org\/#website","url":"https:\/\/apri.fmc-sc.org\/","name":"Association pour la Promotion Rurale Internationale","description":"","potentialAction":[{"@type":"SearchAction","target":{"@type":"EntryPoint","urlTemplate":"https:\/\/apri.fmc-sc.org\/?s={search_term_string}"},"query-input":"required name=search_term_string"}],"inLanguage":"fr-FR"}]}},"jetpack_sharing_enabled":true,"jetpack_shortlink":"https:\/\/wp.me\/P2Kxff-7","jetpack_likes_enabled":true,"_links":{"self":[{"href":"https:\/\/apri.fmc-sc.org\/index.php?rest_route=\/wp\/v2\/pages\/7"}],"collection":[{"href":"https:\/\/apri.fmc-sc.org\/index.php?rest_route=\/wp\/v2\/pages"}],"about":[{"href":"https:\/\/apri.fmc-sc.org\/index.php?rest_route=\/wp\/v2\/types\/page"}],"author":[{"embeddable":true,"href":"https:\/\/apri.fmc-sc.org\/index.php?rest_route=\/wp\/v2\/users\/3"}],"replies":[{"embeddable":true,"href":"https:\/\/apri.fmc-sc.org\/index.php?rest_route=%2Fwp%2Fv2%2Fcomments&post=7"}],"version-history":[{"count":7,"href":"https:\/\/apri.fmc-sc.org\/index.php?rest_route=\/wp\/v2\/pages\/7\/revisions"}],"predecessor-version":[{"id":957,"href":"https:\/\/apri.fmc-sc.org\/index.php?rest_route=\/wp\/v2\/pages\/7\/revisions\/957"}],"wp:attachment":[{"href":"https:\/\/apri.fmc-sc.org\/index.php?rest_route=%2Fwp%2Fv2%2Fmedia&parent=7"}],"curies":[{"name":"wp","href":"https:\/\/api.w.org\/{rel}","templated":true}]}}

<p>Les <strong>Frères missionnaires</strong> et les <strong>Sœurs des campagnes</strong> vivent au sein de <strong>petites communautés rurales</strong> réparties au <strong>Bénin</strong>, au <strong>Burkina Faso</strong> et au <strong>Togo</strong>.<br>L’<strong>APRI</strong> apporte son soutien aux <strong>projets portés par ces communautés</strong>, en collaboration étroite avec les populations locales. Ces initiatives couvrent divers domaines tels que <strong>l’agriculture, l’élevage, l’artisanat, l’économie locale, le microcrédit, la formation</strong> et <strong>la santé</strong>.</p>

<p>Les Frères missionnaires et les Sœurs des campagnes vivent au sein de petites communautés rurales réparties au Bénin, au Burkina Faso et au Togo.L’APRI apporte son soutien aux projets portés par ces communautés, en collaboration étroite avec les populations locales. Ces initiatives couvrent divers domaines tels que l’agriculture, l’élevage, l’artisanat, l’économie locale, le microcrédit, la formation et la santé.</p>

<!-- This site is optimized with the Yoast SEO plugin v21.8.1 - https://yoast.com/wordpress/plugins/seo/ -->
<title>Les projets - Association pour la Promotion Rurale Internationale</title>
<meta name="robots" content="index, follow, max-snippet:-1, max-image-preview:large, max-video-preview:-1" />
<link rel="canonical" href="https://apri.fmc-sc.org/?page_id=7" />
<meta property="og:locale" content="fr_FR" />
<meta property="og:type" content="article" />
<meta property="og:title" content="Les projets - Association pour la Promotion Rurale Internationale" />
<meta property="og:description" content="Les Frères missionnaires et les Sœurs des campagnes vivent au sein de petites communautés rurales réparties au Bénin, au Burkina Faso et au Togo.L’APRI apporte son soutien aux projets portés par ces communautés, en collaboration étroite avec les populations locales. Ces initiatives couvrent divers domaines tels que l’agriculture, l’élevage, l’artisanat, l’économie locale, le microcrédit, la formation et la santé." />
<meta property="og:url" content="https://apri.fmc-sc.org/?page_id=7" />
<meta property="og:site_name" content="Association pour la Promotion Rurale Internationale" />
<meta property="article:modified_time" content="2025-11-11T21:33:07+00:00" />
<meta name="twitter:label1" content="Durée de lecture estimée" />
	<meta name="twitter:data1" content="1 minute" />
<script type="application/ld+json" class="yoast-schema-graph">{"@context":"https://schema.org","@graph":[{"@type":"WebPage","@id":"https://apri.fmc-sc.org/?page_id=7","url":"https://apri.fmc-sc.org/?page_id=7","name":"Les projets - Association pour la Promotion Rurale Internationale","isPartOf":{"@id":"https://apri.fmc-sc.org/#website"},"datePublished":"2012-09-19T16:09:05+00:00","dateModified":"2025-11-11T21:33:07+00:00","inLanguage":"fr-FR","potentialAction":[{"@type":"ReadAction","target":["https://apri.fmc-sc.org/?page_id=7"]}]},{"@type":"WebSite","@id":"https://apri.fmc-sc.org/#website","url":"https://apri.fmc-sc.org/","name":"Association pour la Promotion Rurale Internationale","description":"","potentialAction":[{"@type":"SearchAction","target":{"@type":"EntryPoint","urlTemplate":"https://apri.fmc-sc.org/?s={search_term_string}"},"query-input":"required name=search_term_string"}],"inLanguage":"fr-FR"}]}</script>
<!-- / Yoast SEO plugin. -->

Les Frères missionnaires et les Sœurs des campagnes vivent au sein de petites communautés rurales réparties au Bénin, au Burkina Faso et au Togo.L’APRI apporte son soutien aux projets portés par ces communautés, en collaboration étroite avec les populations locales. Ces initiatives couvrent divers domaines tels que l’agriculture, l’élevage, l’artisanat, l’économie locale, le microcrédit, la formation et la santé.
